 x(j). Let z(d) = 1 - 4*d**2 + 4*d**2 + 2*d**2 - d**2 + 6*d. What is z(n)?
-4
Suppose 7 = -0*m + m. Let k(u) = -3*u**2 + 1. Let q be k(-1). Let z be (-4)/q - (m - 1). Let s(t) = -t**2 - 3*t + 5. What is s(z)?
1
Let o be 16/(-12)*(-3)/2. Let p(j) be the second derivative of 0 + j**3 - 1/12*j**4 - 3*j - j**o. Determine p(5).
3
Let d(g) = 52*g + 1 - 54*g - 9. Calculate d(-7).
6
Let t = 7 + -5. Let j(g) = -3*g - 4*g**t - 3*g - g**3 + 3*g. Determine j(-3).
0
Let t(w) = 7*w**3 - 3*w**2 + 6*w - 4. Let y(u) = u**3 + u - 1. Let c(o) = t(o) - 4*y(o). Determine c(2).
16
Let l(y) be the second derivative of -y**5/20 + 2*y**4/3 - 4*y**3/3 - 3*y**2/2 + 2*y - 11. Determine l(7).
-10
Let a(m) = -m - 3. Let b be (7 - 4)*(-8)/(-6). Suppose 4 = -g - 2*p - 10, b*g = 3*p - 12. Give a(g).
3
Let d = 3 + -1. Let p(l) = 4 - 3*l - l**d + l + 3. Calculate p(-5).
-8
Let g(b) be the first derivative of b**4/4 + 7*b**3/3 + 2*b**2 + 2*b - 21. Give g(-6).
14
Suppose 0 = -d - 2*n - 2, -3*n = 4*d - 3*d + 1. Let y(r) = -r**2 - r + 3. Calculate y(d).
-9
Suppose 0 = w + 25 - 24. Let y(f) = -10*f. Give y(w).
10
Let q = -22 + 27. Let n(c) = -c**2 + 3*c + 3. What is n(q)?
-7
Let n(r) = r**2 + 3*r + 2. Let g(t) = 2*t**2 + 6*t + 4. Let i(f) = 2*g(f) - 5*n(f). Give i(-2).
0
Let a(c) be the first derivative of c**3/3 - c**2 + 3*c + 1. Calculate a(2).
3
Let i(a) = a**2 - a - 1. Let g(y) = 2*y**2 - y - 1. Let l be (12/16)/((-2)/8). Let w(s) = l*i(s) + 2*g(s). Calculate w(-1).
1
Suppose -3 = -3*f - 0. Let m = f - -1. Let l(d) = 2 + d**2 - 1 + d**m. Give l(1).
3
Let p(l) be the second derivative of -l**3/6 - 11*l**2/2 - 3*l. Give p(-8).
-3
Let b(n) = n**3 + 3*n**2 - 3*n - 2. Suppose -2*l = l. Let k = l + 1. Let i be 42/(-10) - k/(-5). What is b(i)?
-6
Let o = -9 - -10. Suppose 0 = z - o + 2. Let y(t) = 3*t + 1. Determine y(z).
-2
Let r(h) = -9*h - 5 + 2 + 7*h. Suppose 0*n - 8 = 4*n. Give r(n).
1
Let u(f) = f**3 + f**2 + f. Let m(z) = -3*z**3 - 5*z**2 - 4*z. Let c(g) = -m(g) - 4*u(g). Give c(1).
0
Let k(w) = w + 2. Suppose -4 = -2*r - 2*a, 3*r - a - 2 + 12 = 0. Let d be k(r). Let v(f) = d*f + 2 + 2*f**2 - 3*f - f**2. What is v(2)?
0
Let c(t) be the first derivative of 2/3*t**3 + 1/120*t**5 - 1/72*t**6 + 0*t + 1/24*t**4 + 0*t**2 + 1. Let v(l) be the third derivative of c(l). Determine v(-1).
-5
Let g be -1 + 2 + 5/(-1). Suppose -2*i = -4*r - 24, -3*i + 5*r + 6 + 25 = 0. Let p(z) = -5 + 1 - 2 - i*z. What is p(g)?
2
Let z(j) = -j**3 + 6*j**2 + 7*j + 5. Let q = 1 - -6. Let x be z(q). Let h(d) = -d**3 + 5*d**2 + 2*d - 5. Give h(x).
5
Let c(p) = 14*p - 1. Let t(y) = 43*y - 4. Let n(m) = 7*c(m) - 2*t(m). Give n(-1).
-11
Suppose 3*h - 34 = 29. Suppose -4*v = -h + 5. Let r(g) = g**3 - 3*g**2 - 2*g - 3. What is r(v)?
5
Let v(y) = -2*y - 8*y**2 - 53*y**3 - 4*y + 52*y**3 + 10 + 0*y. Determine v(-7).
3
Suppose y + 4*y - 4*q = 19, 0 = -2*y - q + 5. Let w(f) = -10*f - y + 9*f + 4. What is w(-6)?
7
Let l(a) = -a**3 + 3*a**2 - 3. Let s be (-1)/(1*3 - (-50)/(-15)). What is l(s)?
-3
Let m be (4 - 2) + -2 + 4. Let c(a) = -a**2 - 2*a - 4*a**2 + 1 + m*a. Determine c(-1).
-6
Suppose 0 = 2*d - 4*d + 24. Suppose 5*g - d = -37. Let q(b) = b**2 + 5*b + 7. Determine q(g).
7
Suppose -25 = -5*u + 3*n, -2*u = u + 5*n - 49. Let f(y) = y**3 - 7*y**2 - 7*y - 9. Calculate f(u).
-1
Suppose 2*n + 3*j - 3 = 0, 5*n - 5 = -j + 9. Let b(f) = f**3 - 2*f**2 - 3. Determine b(n).
6
Let c(y) = -2*y - 5. Let u be c(-4). Let w(t) be the second derivative of -t**3/2 + 7*t. Give w(u).
-9
Let d be 5*-2*2/(-10). Let x(a) = 2*a - 1. What is x(d)?
3
Let n(p) = p**3 + 4*p**2 - 6*p + 3. Let q(l) = -2*l**3 - 8*l**2 + 12*l - 5. Let w(k) = -5*n(k) - 3*q(k). What is w(-5)?
5
Let c be (-3)/(-2)*(-8)/3. Let n = c - -1. Let d(u) be the second derivative of -u**3/3 + u**2/2 - 2*u. Determine d(n).
7
Let h(v) be the second derivative of v**4/12 + 11*v**3/6 + 5*v**2/2 + 6*v. Calculate h(-10).
-5
Let i(a) = -a**3 + 10*a**2 - 10*a + 8. Let x(b) = -b**2 + 9. Let p be x(0). Let s be i(p). Let l(k) be the second derivative of -k**4/12 - k. Determine l(s).
-1
Let v(m) = 3*m - 4. Let k be ((-9)/(-3) - -9)*(-6)/(-12). What is v(k)?
14
Suppose n = 2*n + 2. Let d be (-1)/((n/5)/(-2)). Let m(a) = -4*a + 3 + a**2 + 4 - 4 + 10*a. Calculate m(d).
-2
Let q be 5/5 + (-2)/(-1). Let k(a) = -a**3 + 3*a**2 + 2*a + 3. Give k(q).
9
Let g = 39 + -35. Let o(x) = -x**3 + 5*x**2 - 4*x + 6. Determine o(g).
6
Let l(a) be the second derivative of -a**4/12 + 4*a**2 + 54*a. Determine l(-6).
-28
Let w(o) = 10 + o + 8 - 20. Determine w(-4).
-6
Let c(p) be the first derivative of -p**3/3 + p**2 - 5. Give c(3).
-3
Let x(o) be the second derivative of o**5/20 - o**4/2 + o**3/2 + 7*o**2/2 + 2*o. Suppose 20 = 27*s - 23*s. Give x(s).
-3
Suppose 0 = -k + 3*k - 2. Let t(b) be the third derivative of b**5/20 - b**4/24 - 2*b**2. Determine t(k).
2
Let i(f) = -2*f + 5. Let m(s) = s**2 - 4*s - 8. Let p be m(6). Let o be i(p). Let d(y) = -6 + 0 + y + 3. What is d(o)?
-6
Let k(q) = -2*q**3 + q**2 - q + 7. Let a(w) = 3*w**3 - 3*w**2 + w - 12. Let g(u) = -3*a(u) - 5*k(u). Let x(o) = -2*o + 8. Let j be x(6). Determine g(j).
-7
Let p(h) be the second derivative of h**3/6 + h**2 - 3*h. What is p(-4)?
-2
Let k(p) = 2*p**3 - 18*p**2 + 23*p - 13. Let t(q) = -q**3 + 9*q**2 - 11*q + 7. Let w(g) = 2*k(g) + 5*t(g). Give w(8).
1
Suppose 18 = -4*s + i - 2, -4*i - 34 = 3*s. Let d(f) = -f - 2*f + 2*f - 3 + 0*f. Determine d(s).
3
Let n(q) be the third derivative of q**4/12 + q**3/3 + q**2. Suppose -2*r + 9 - 1 = 0. Suppose 5*a - r*a = 2. Give n(a).
6
Suppose 0 = -5*k + k + 8. Let b(q) = 2 - q**2 + k + 2*q**2 + 2*q. What is b(-3)?
7
Let a(j) = -5*j**2 + 3 - 3*j - 2*j**3 - 6*j**3 + 7*j**3. What is a(-4)?
-1
Let z(b) = 3*b + 5*b - 4*b - 9*b**2 - 3*b. Calculate z(1).
-8
Let o = 4 - 1. Let b(k) = 8 + o*k + 2*k - k**2 - 10*k**2 + 9. Let m(q) = -4*q**2 + 2*q + 6. Let h(c) = 3*b(c) - 8*m(c). Give h(3).
-9
Let b(c) be the third derivative of 0 + 1/6*c**3 - 2*c**2 + 0*c + 1/6*c**4. Let g(d) = -d**3 + 5*d**2 + d - 4. Let j be g(5). Give b(j).
5
Let j(a) = a**3 + 6*a**2 - 5*a + 3. Let y = 45 - 52. Give j(y).
-11
Let f(z) = -6 + 5*z - 3*z + 5. Let b be ((-3)/2)/3*2. Calculate f(b).
-3
Let h(u) = 5*u**3 - 5*u + 3. Let t(v) = -9*v**3 + v**2 + 10*v - 6. Let j(p) = -7*h(p) - 4*t(p). Let o(r) = r**3 - r - 1. Let l be o(2). What is j(l)?
3
Let j(h) = h**2 + 2 + 0*h + 8*h - 4*h + 0*h**2. Calculate j(-6).
14
Suppose 7*g + 4 = 3*g. Let s(p) be the third derivative of -p**5/30 + p**4/12 + p**3/6 - p**2. Determine s(g).
-3
Let r(h) = -h + 3. Suppose -7 = -4*k + 9. Suppose 0*j - k*j = -12, 5*t + 4*j + 8 = 0. What is r(t)?
7
Let t(a) = 8*a - 1. Let g be t(1). Suppose -g*z + 2*z = -10. Suppose -2 + 10 = -z*q. Let r(i) = i**3 + 5*i**2 + 4*i - 5. Determine r(q).
-5
Suppose -6*z = -z + o - 11, z = 3*o + 15. Let s(r) be the first derivative of -5*r**2/2 + r + 9. Calculate s(z).
-14
Let b(i) be the first derivative of i - 3/2*i**2 - 1/3*i**3 + 3. Give b(-4).
-3
Let w(u) = u**3 - 1 - 4 - 137*u + 7*u**2 + 143*u + 0. Give w(-6).
-5
Suppose -9 = -2*g + j, 0*g - 3*g + 4*j = -26. Let f = g - -2. Let d(i) = i**3 - 3*i**2 - 5*i - 1. Calculate d(f).
-5
Let c = 9 + -6. Let j(w) = w - 4. What is j(c)?
-1
Suppose -36 = -4*t + 5*r, -4*t + r = -0*r - 20. Let q = -3 + t. Let s(k) = 5*k**3 - k**2 + k. Give s(q).
5
Let u be 2/(6/(-63)*3). Let j = 5 + u. Let p(i) = -i**2 - i - 1. Let v be p(j). Let z(x) = x**3 + 3*x**2 + 1. Determine z(v).
1
Let k(j) = -j**3 + 6*j**2 - 4*j + 1. Let y be k(5). Let f(m) = m - 4. What is f(y)?
2
Let h(v) = 13*v**2 + 2*v + 1. Let t be ((-8)/(-12))/((-2)/3). What is h(t)?
12
Let q(s) = -10*s + 3. Let v(z) = z. Let l be 33*(1/(-3) - -1). Let a(c) = l*v(c) + 2*q(c). Let i = -13 + 8. What is a(i)?
-4
Let j(p) be the third derivative of -p**6/120 - p**5/15 + p**4/8 - 7*p**3/6 + 29*p**2. Determine j(-5).
3
Let w = 2 + 4. Let r = w + -10. Let x(z) be the second derivative of -z**4/12 - 5*z**3/6 - 5*z**2/2 - 9*z. Give x(r).
-1
Let b(p) = p**3 - 6*p**2 + p - 8. Let v be (11 + -4 - 5) + (-8)/(-2). Determine b(v).
-2
Let q(l) = -l**3 - l**2 + l - 1. Let v(k) = -3*k**3 + 5*k - 5. Let j(d) = 4*q(d) - v(d). Let y be (1 - -5) + 1*(-13 + 3). Give j(y).
5
Let g(m) = -m + 2. Let l(y) = 1. Let w(t) = -g(t) - 3*l(t). Give w(0).
-5
Let n(x) = x - 2. Let w 